ghest common divisor of c and 12?
12
Let r be -3 - 964/16 - 3/(-12). Suppose -f = 76 + 27. Let u = r - f. What is the highest common divisor of u and 10?
10
Suppose j = -j + 5*m + 1341, j + 2*m - 684 = 0. Let f = -287 + j. Let i = f + -207. Calculate the greatest common factor of 23 and i.
23
Suppose -l + 746 = 4*l - d, -3*d = -4*l + 588. What is the greatest common divisor of 60 and l?
30
Let n be (-3)/((-27)/(-15) - 2). Suppose 7*x - 1505 + 350 = 0. Calculate the highest common factor of x and n.
15
Let k = -72 + -38. Let o = -60 - k. Calculate the greatest common divisor of o and 20.
10
Suppose -3*f - 3*p = -66, 0 = 5*f - 4*p + 53 - 154. Calculate the greatest common divisor of f and 9.
3
Let u(r) = -5*r**2 + 4*r + 4. Let h be u(4). Let w = -12 - h. Calculate the highest common factor of 24 and w.
24
Let u = 79 + 21. Suppose -5*f = -20, -2*f = 4*w - 3*f - u. Suppose -w = -2*h + 2*c, 2*c = -h - 2*c - 7. Calculate the highest common divisor of 36 and h.
9
Suppose -3*h = 39 + 39. Let v be h/1*(-2)/4. Suppose -234 = 5*f - 819. Calculate the highest common factor of f and v.
13
Let g = 36 + -16. Suppose 5*x - v - 36 = 0, -3*x + g = -x + v. What is the highest common divisor of 4 and x?
4
Let d(i) = -i**3 + 10*i**2 - 14*i + 14. Let p be d(10). Let r be (p/45)/(2/(-5)). Calculate the highest common factor of r and 14.
7
Let b(p) = 5*p**2 - 12*p + 25. Let d be b(5). Suppose -10*q + 19*q - d = 0. Calculate the greatest common divisor of q and 15.
5
Suppose -2*t = -0*t - 74. Let g = -19 + t. Let j = 4687 - 4651. Calculate the highest common factor of j and g.
18
Let t be 2*-195*(-7)/42. What is the greatest common divisor of 52 and t?
13
Let f = 1721 + -1041. What is the greatest common factor of 40 and f?
40
Suppose -z + 5*z = -228. Let j = -41 - z. What is the greatest common factor of j and 16?
16
Let p be 2*-2*(-1 + 15/(-2)). Suppose -3*q = -4*b - p - 62, 3*b + 96 = 3*q. What is the highest common divisor of 224 and q?
32
Suppose 54*r - 423 = 51*r. Let y = 245 - r. What is the highest common factor of y and 26?
26
Suppose -1618*o = -1620*o + 92. What is the greatest common factor of 3082 and o?
46
Let g = 180 + 165. Calculate the highest common divisor of g and 46.
23
Suppose 4*y = 5*s + 33, -19 + 4 = -5*y + s. Let c be (3 - 1) + (2 - y) + 3. Calculate the highest common factor of 45 and c.
5
Suppose 0 = 2*w - c - 3*c - 8, 2*c = 4. Suppose -2 + w = 3*s. Suppose 0 = 2*m - 4 - 4, s*m + 152 = 4*l. Calculate the highest common divisor of l and 8.
8
Suppose -12*y + 11*y + 43 = 0. Calculate the greatest common divisor of 43 and y.
43
Suppose 10 = c - 8. What is the greatest common factor of c and 10?
2
Let s = 364 + -196. Calculate the greatest common divisor of s and 224.
56
Let a = -37 - -33. Let y(r) = -7*r - 18. Let o be y(a). Calculate the greatest common divisor of o and 5.
5
Let c(d) = 2*d - 3. Let n be c(3). Suppose 0 = 4*h, -4*p + 6 = -p - 2*h. Suppose 3*j = p*j + 24. What is the highest common divisor of j and n?
3
Let k(t) be the first derivative of -13*t**2/2 - 86*t + 33. Let w be k(-14). Calculate the greatest common factor of w and 12.
12
Let c(r) = 27*r - 15. Let g be c(1). What is the greatest common factor of g and 204?
12
Let d be (-15)/3*(3 + -8). Let q be 23076/84 - 4/(-14). What is the greatest common divisor of d and q?
25
Let y = -95 - -151. Let a be -1 + 3*y/12. What is the highest common divisor of 52 and a?
13
Let t be 408/(5 + 1) + 54/(-9). What is the highest common divisor of t and 434?
62
Suppose -1817 + 577 = -8*r. Let z = r + -91. What is the greatest common factor of z and 4?
4
Let o = -53 + 35. Let m be (-4 + 2)/((-4)/o). Let d = m - -90. Calculate the highest common divisor of d and 9.
9
Let g(j) = j**3 + 12*j**2 + j + 14. Let o be g(-10). Suppose x - o = -2*x. What is the highest common divisor of x and 170?
34
Suppose -2*u = -4*c + 60, -4*u = -7*u + c - 95. Let k be 28*1*u/(-112). Calculate the greatest common divisor of k and 8.
8
Let j = 9 - 5. Let r be (-5 - -1)*81/6. Let y = r - -86. Calculate the greatest common factor of y and j.
4
Let c be ((-75)/(-6) - -3) + 7/14. Let w be 1 - (-51)/4 - (-4)/c. What is the highest common divisor of 28 and w?
14
Suppose 0 = 2*j + 2*j + 3*z - 163, 0 = 5*j - 2*z - 198. Let x = -144 + 152. Calculate the highest common divisor of x and j.
8
Suppose -27*p = -1942 - 1217. Calculate the highest common divisor of 104 and p.
13
Let b = 18 - -90. Suppose -2*s = 5*w - b, -5*w + 0*w + 3*s = -88. What is the greatest common divisor of w and 8?
4
Suppose 281 = 6*x + 71. Let y be 10/x + (-1056)/(-28). Let t be (133/y)/(1/2). What is the highest common divisor of t and 49?
7
Let x = 187 - 133. Calculate the highest common factor of 6 and x.
6
Suppose 0 = -121*w + 153*w - 128. Let s = -1 + 11. Calculate the highest common factor of w and s.
2
Let v be (-7 - (-1175)/10)*2. What is the greatest common factor of v and 52?
13
Let y(l) = 4*l - 2. Let f be y(1). Let b be -33*(-2)/1 + f. Calculate the highest common divisor of b and 17.
17
Let f = -3 + 19. Let w(g) be the first derivative of 4*g**2 - 16*g - 7. Let z be w(20). What is the highest common factor of z and f?
16
Let k = 43 + -26. Let m = -4 + 4. Suppose 3*t = -3*i + 366, m*i + 110 = i - 3*t. Calculate the highest common divisor of k and i.
17
Suppose 5*j - 70 = -4*g, 4*j + 10 = -g + 77. Calculate the highest common factor of j and 81.
9
Let w = -227 - -238. Calculate the greatest common factor of w and 55.
11
Let c(n) = -n**3 - 3*n**2 + 5*n + 4. Let f be c(-4). Suppose f*r + 4*r + 16 = 0. Let i be 1/(4 + 15/r). What is the highest common divisor of i and 1?
1
Let s = -94 + 229. What is the highest common factor of 15 and s?
15
Let f be (-3)/(-48) + 263345/496. Calculate the greatest common divisor of f and 9.
9
Let h be (-36)/((-21)/84*1*6). What is the greatest common factor of 16 and h?
8
Let g(a) = 2*a**2 + 79*a + 64. Let d be g(-39). What is the greatest common factor of d and 5?
5
Suppose 9*n - 168 = -582. Let p = n + 48. What is the greatest common factor of 4 and p?
2
Let b(s) = 3*s - 3. Let r be b(1). Suppose -3*z = q - 13 - 7, r = 4*z + 3*q - 35. Calculate the greatest common factor of z and 10.
5
Let l = -27 + 29. Suppose 0 = -2*o + l + 6. Let z be 23*2 - (1 + 1). What is the highest common divisor of o and z?
4
Let a = -1189 + 2161. Calculate the greatest common factor of 12 and a.
12
Let s = -4297 - -4305. Let v = -6 - -10. Suppose 3*m = v*m - 2. Calculate the greatest common factor of m and s.
2
Suppose -f = 3*f + l - 359, 2*l = -2*f + 178. Calculate the highest common factor of f and 65.
5
Suppose 2*z + 8 = 0, -2*c + 4*z = 5*z - 56. Suppose -16 = 11*s - 148. Calculate the greatest common factor of c and s.
6
Let b be (-21 + 6)*21/(-9). Calculate the greatest common divisor of b and 105.
35
Suppose -19 + 351 = 2*g - 4*q, -334 = -2*g + 5*q. Calculate the highest common factor of 2 and g.
2
Let t be ((-36)/6)/((-15)/280). Calculate the greatest common factor of 32 and t.
16
Let i be (-19)/(-2) + (-4)/(-8). Suppose -i*p - 154 = -504. What is the highest common factor of p and 7?
7
Suppose -q = -2*b + 117, 0 = 3*b + 3*q - q - 186. What is the highest common factor of 160 and b?
20
Suppose -39 = -4*v + 3*f, -v = -5*f + 1 + 2. Let d be 0 + v/(-1 + 4). Let s be d/(-14) + (-1368)/(-84). What is the highest common factor of 48 and s?
16
Let n(q) = 189*q + 5. Let r be n(3). Suppose -14*t + r = -10*t. Let y be (t/(-22))/((-2)/4). Calculate the greatest common factor of 13 and y.
13
Let y be 21 + 5 + 0 + -2 + 0. Let l = 487 + -319. What is the highest common divisor of y and l?
24
Let q be (93/15 + -7)*(-1 + -29). What is the greatest common divisor of q and 276?
12
Let a = 249 + -219. Let q = 28 - -92. What is the greatest common divisor of a and q?
30
Suppose -2*k - 78 = -5*k. Suppose 2*p = -g + 125, 10*g + 245 = 4*p + 13*g. Calculate the highest common factor of p and k.
13
Suppose -4*h + 3*s = -140, -h - 5*s = -6 - 6. Suppose -m = -h - 8. Calculate the greatest common factor of 10 and m.
10
Suppose 46 = -13*u + 176. Calculate the highest common factor of u and 34.
2
Let z = 478 + -466. What is the highest common divisor of z and 186?
6
Suppose 5*s = -20 + 170. Let v be ((-3)/(-4))/(6/144). Let y = 2 + v. What is the highest com